{"version":"1.0","provider_name":"Diario El Labrador","provider_url":"https:\/\/diarioellabrador.cl","author_name":"Editor","author_url":"https:\/\/diarioellabrador.cl\/index.php\/author\/editor\/","title":"Rojas Vade contin\u00faa internado en estado grave - Diario El Labrador","type":"rich","width":600,"height":338,"html":"<blockquote class=\"wp-embedded-content\" data-secret=\"9M6uun05RQ\"><a href=\"https:\/\/diarioellabrador.cl\/index.php\/2026\/03\/16\/rojas-vade-continua-internado-en-estado-grave\/\">Rojas Vade contin\u00faa internado en estado grave<\/a><\/blockquote><iframe sandbox=\"allow-scripts\" security=\"restricted\" src=\"https:\/\/diarioellabrador.cl\/index.php\/2026\/03\/16\/rojas-vade-continua-internado-en-estado-grave\/embed\/#?secret=9M6uun05RQ\" width=\"600\" height=\"338\" title=\"\u00abRojas Vade contin\u00faa internado en estado grave\u00bb \u2014 Diario El Labrador\" data-secret=\"9M6uun05RQ\" frameborder=\"0\" marginwidth=\"0\" marginheight=\"0\" scrolling=\"no\" class=\"wp-embedded-content\"><\/iframe><script type=\"text\/javascript\">\n\/* <![CDATA[ *\/\n\/*! This file is auto-generated *\/\n!function(d,l){\"use strict\";l.querySelector&&d.addEventListener&&\"undefined\"!=typeof URL&&(d.wp=d.wp||{},d.wp.receiveEmbedMessage||(d.wp.receiveEmbedMessage=function(e){var t=e.data;if((t||t.secret||t.message||t.value)&&!\/[^a-zA-Z0-9]\/.test(t.secret)){for(var s,r,n,a=l.querySelectorAll('iframe[data-secret=\"'+t.secret+'\"]'),o=l.querySelectorAll('blockquote[data-secret=\"'+t.secret+'\"]'),c=new RegExp(\"^https?:$\",\"i\"),i=0;i<o.length;i++)o[i].style.display=\"none\";for(i=0;i<a.length;i++)s=a[i],e.source===s.contentWindow&&(s.removeAttribute(\"style\"),\"height\"===t.message?(1e3<(r=parseInt(t.value,10))?r=1e3:~~r<200&&(r=200),s.height=r):\"link\"===t.message&&(r=new URL(s.getAttribute(\"src\")),n=new URL(t.value),c.test(n.protocol))&&n.host===r.host&&l.activeElement===s&&(d.top.location.href=t.value))}},d.addEventListener(\"message\",d.wp.receiveEmbedMessage,!1),l.addEventListener(\"DOMContentLoaded\",function(){for(var e,t,s=l.querySelectorAll(\"iframe.wp-embedded-content\"),r=0;r<s.length;r++)(t=(e=s[r]).getAttribute(\"data-secret\"))||(t=Math.random().toString(36).substring(2,12),e.src+=\"#?secret=\"+t,e.setAttribute(\"data-secret\",t)),e.contentWindow.postMessage({message:\"ready\",secret:t},\"*\")},!1)))}(window,document);\n\/\/# sourceURL=https:\/\/diarioellabrador.cl\/wp-includes\/js\/wp-embed.min.js\n\/* ]]> *\/\n<\/script>\n","thumbnail_url":"https:\/\/diarioellabrador.cl\/wp-content\/uploads\/2026\/03\/Rojas-Vade-continua-internado-en-estado-grave.jpeg","thumbnail_width":790,"thumbnail_height":475,"description":"Este fin de semana el Hospital San Juan de Dios emiti\u00f3 un nuevo informe sobre el estado de salud de Rodrigo Rojas Vade, ex convencional y figura p\u00fablica de la pol\u00edtica presuntamente atacado en Melipilla. De acuerdo al reporte entregado desde el recinto de salud, el ex representante de la Lista del Pueblo, \u201ccontin\u00faa siendo Leer m\u00e1s"}

Rojas Vade continúa internado en estado grave - Diario El Labrador

<blockquote class="wp-embedded-content" data-secret="9M6uun05RQ"><a href="https://diarioellabrador.cl/index.php/2026/03/16/rojas-vade-continua-internado-en-estado-grave/">Rojas Vade continúa internado en estado grave</a></blockquote><iframe sandbox="allow-scripts" security="restricted" src="https://diarioellabrador.cl/index.php/2026/03/16/rojas-vade-continua-internado-en-estado-grave/embed/#?secret=9M6uun05RQ" width="600" height="338" title="«Rojas Vade continúa internado en estado grave» — Diario El Labrador" data-secret="9M6uun05RQ" frameborder="0" marginwidth="0" marginheight="0" scrolling="no" class="wp-embedded-content"></iframe><script type="text/javascript">
/* <![CDATA[ */
/*! This file is auto-generated */
!function(d,l){"use strict";l.querySelector&&d.addEventListener&&"undefined"!=typeof URL&&(d.wp=d.wp||{},d.wp.receiveEmbedMessage||(d.wp.receiveEmbedMessage=function(e){var t=e.data;if((t||t.secret||t.message||t.value)&&!/[^a-zA-Z0-9]/.test(t.secret)){for(var s,r,n,a=l.querySelectorAll('iframe[data-secret="'+t.secret+'"]'),o=l.querySelectorAll('blockquote[data-secret="'+t.secret+'"]'),c=new RegExp("^https?:$","i"),i=0;i<o.length;i++)o[i].style.display="none";for(i=0;i<a.length;i++)s=a[i],e.source===s.contentWindow&&(s.removeAttribute("style"),"height"===t.message?(1e3<(r=parseInt(t.value,10))?r=1e3:~~r<200&&(r=200),s.height=r):"link"===t.message&&(r=new URL(s.getAttribute("src")),n=new URL(t.value),c.test(n.protocol))&&n.host===r.host&&l.activeElement===s&&(d.top.location.href=t.value))}},d.addEventListener("message",d.wp.receiveEmbedMessage,!1),l.addEventListener("DOMContentLoaded",function(){for(var e,t,s=l.querySelectorAll("iframe.wp-embedded-content"),r=0;r<s.length;r++)(t=(e=s[r]).getAttribute("data-secret"))||(t=Math.random().toString(36).substring(2,12),e.src+="#?secret="+t,e.setAttribute("data-secret",t)),e.contentWindow.postMessage({message:"ready",secret:t},"*")},!1)))}(window,document);
//# sourceURL=https://diarioellabrador.cl/wp-includes/js/wp-embed.min.js
/* ]]> */
</script>

Este fin de semana el Hospital San Juan de Dios emitió un nuevo informe sobre el estado de salud de Rodrigo Rojas Vade, ex convencional y figura pública de la política presuntamente atacado en Melipilla. De acuerdo al reporte entregado desde el recinto de salud, el ex representante de la Lista del Pueblo, “continúa siendo Leer más
