{"version":"1.0","provider_name":"Diario El Labrador","provider_url":"https:\/\/diarioellabrador.cl","author_name":"Editor","author_url":"https:\/\/diarioellabrador.cl\/index.php\/author\/editor\/","title":"Apedrean bus interurbano en plena ruta 78 - Diario El Labrador","type":"rich","width":600,"height":338,"html":"<blockquote class=\"wp-embedded-content\" data-secret=\"W5O4kzxXPg\"><a href=\"https:\/\/diarioellabrador.cl\/index.php\/2026\/03\/12\/apedrean-bus-interurbano-en-plena-ruta-78\/\">Apedrean bus interurbano en plena ruta 78<\/a><\/blockquote><iframe sandbox=\"allow-scripts\" security=\"restricted\" src=\"https:\/\/diarioellabrador.cl\/index.php\/2026\/03\/12\/apedrean-bus-interurbano-en-plena-ruta-78\/embed\/#?secret=W5O4kzxXPg\" width=\"600\" height=\"338\" title=\"\u00abApedrean bus interurbano en plena ruta 78\u00bb \u2014 Diario El Labrador\" data-secret=\"W5O4kzxXPg\" frameborder=\"0\" marginwidth=\"0\" marginheight=\"0\" scrolling=\"no\" class=\"wp-embedded-content\"><\/iframe><script type=\"text\/javascript\">\n\/* <![CDATA[ *\/\n\/*! This file is auto-generated *\/\n!function(d,l){\"use strict\";l.querySelector&&d.addEventListener&&\"undefined\"!=typeof URL&&(d.wp=d.wp||{},d.wp.receiveEmbedMessage||(d.wp.receiveEmbedMessage=function(e){var t=e.data;if((t||t.secret||t.message||t.value)&&!\/[^a-zA-Z0-9]\/.test(t.secret)){for(var s,r,n,a=l.querySelectorAll('iframe[data-secret=\"'+t.secret+'\"]'),o=l.querySelectorAll('blockquote[data-secret=\"'+t.secret+'\"]'),c=new RegExp(\"^https?:$\",\"i\"),i=0;i<o.length;i++)o[i].style.display=\"none\";for(i=0;i<a.length;i++)s=a[i],e.source===s.contentWindow&&(s.removeAttribute(\"style\"),\"height\"===t.message?(1e3<(r=parseInt(t.value,10))?r=1e3:~~r<200&&(r=200),s.height=r):\"link\"===t.message&&(r=new URL(s.getAttribute(\"src\")),n=new URL(t.value),c.test(n.protocol))&&n.host===r.host&&l.activeElement===s&&(d.top.location.href=t.value))}},d.addEventListener(\"message\",d.wp.receiveEmbedMessage,!1),l.addEventListener(\"DOMContentLoaded\",function(){for(var e,t,s=l.querySelectorAll(\"iframe.wp-embedded-content\"),r=0;r<s.length;r++)(t=(e=s[r]).getAttribute(\"data-secret\"))||(t=Math.random().toString(36).substring(2,12),e.src+=\"#?secret=\"+t,e.setAttribute(\"data-secret\",t)),e.contentWindow.postMessage({message:\"ready\",secret:t},\"*\")},!1)))}(window,document);\n\/\/# sourceURL=https:\/\/diarioellabrador.cl\/wp-includes\/js\/wp-embed.min.js\n\/* ]]> *\/\n<\/script>\n","thumbnail_url":"https:\/\/diarioellabrador.cl\/wp-content\/uploads\/2026\/03\/Apedrean-bus-interurbano-en-plena-ruta-78.jpg","thumbnail_width":1536,"thumbnail_height":1920,"description":"Por Carlos Silva S Un bus interurbano de la empresa \u201cVamos\u201d, que realiza recorridos entre Melipilla y Santiago, fue apedreado en horas de la tarde del mi\u00e9rcoles, mientras circulaba por la Ruta 78. Seg\u00fan informaci\u00f3n preliminar, desconocidos lanzaron piedras directamente contra el m\u00f3vil, a la altura de la comuna de Cerrillos, da\u00f1ando dos de sus Leer m\u00e1s"}

Por Carlos Silva S Un bus interurbano de la empresa “Vamos”, que realiza recorridos entre Melipilla y Santiago, fue apedreado en horas de la tarde del miércoles, mientras circulaba por la Ruta 78. Según información preliminar, desconocidos lanzaron piedras directamente contra el móvil, a la altura de la comuna de Cerrillos, dañando dos de sus Leer más
