{"version":"1.0","provider_name":"Diario El Labrador","provider_url":"https:\/\/diarioellabrador.cl","author_name":"Editor","author_url":"https:\/\/diarioellabrador.cl\/index.php\/author\/editor\/","title":"Piden orar por la salud del Obispo Contreras - Diario El Labrador","type":"rich","width":600,"height":338,"html":"<blockquote class=\"wp-embedded-content\" data-secret=\"FLXeMoDGTI\"><a href=\"https:\/\/diarioellabrador.cl\/index.php\/2025\/05\/17\/piden-orar-por-la-salud-del-obispo-contreras\/\">Piden orar por la salud del Obispo Contreras<\/a><\/blockquote><iframe sandbox=\"allow-scripts\" security=\"restricted\" src=\"https:\/\/diarioellabrador.cl\/index.php\/2025\/05\/17\/piden-orar-por-la-salud-del-obispo-contreras\/embed\/#?secret=FLXeMoDGTI\" width=\"600\" height=\"338\" title=\"\u00abPiden orar por la salud del Obispo Contreras\u00bb \u2014 Diario El Labrador\" data-secret=\"FLXeMoDGTI\" frameborder=\"0\" marginwidth=\"0\" marginheight=\"0\" scrolling=\"no\" class=\"wp-embedded-content\"><\/iframe><script type=\"text\/javascript\">\n\/* <![CDATA[ *\/\n\/*! This file is auto-generated *\/\n!function(d,l){\"use strict\";l.querySelector&&d.addEventListener&&\"undefined\"!=typeof URL&&(d.wp=d.wp||{},d.wp.receiveEmbedMessage||(d.wp.receiveEmbedMessage=function(e){var t=e.data;if((t||t.secret||t.message||t.value)&&!\/[^a-zA-Z0-9]\/.test(t.secret)){for(var s,r,n,a=l.querySelectorAll('iframe[data-secret=\"'+t.secret+'\"]'),o=l.querySelectorAll('blockquote[data-secret=\"'+t.secret+'\"]'),c=new RegExp(\"^https?:$\",\"i\"),i=0;i<o.length;i++)o[i].style.display=\"none\";for(i=0;i<a.length;i++)s=a[i],e.source===s.contentWindow&&(s.removeAttribute(\"style\"),\"height\"===t.message?(1e3<(r=parseInt(t.value,10))?r=1e3:~~r<200&&(r=200),s.height=r):\"link\"===t.message&&(r=new URL(s.getAttribute(\"src\")),n=new URL(t.value),c.test(n.protocol))&&n.host===r.host&&l.activeElement===s&&(d.top.location.href=t.value))}},d.addEventListener(\"message\",d.wp.receiveEmbedMessage,!1),l.addEventListener(\"DOMContentLoaded\",function(){for(var e,t,s=l.querySelectorAll(\"iframe.wp-embedded-content\"),r=0;r<s.length;r++)(t=(e=s[r]).getAttribute(\"data-secret\"))||(t=Math.random().toString(36).substring(2,12),e.src+=\"#?secret=\"+t,e.setAttribute(\"data-secret\",t)),e.contentWindow.postMessage({message:\"ready\",secret:t},\"*\")},!1)))}(window,document);\n\/\/# sourceURL=https:\/\/diarioellabrador.cl\/wp-includes\/js\/wp-embed.min.js\n\/* ]]> *\/\n<\/script>\n","thumbnail_url":"https:\/\/diarioellabrador.cl\/wp-content\/uploads\/2025\/05\/Piden-orar-por-la-salud-del-Obispo-Contreras.jpg","thumbnail_width":1000,"thumbnail_height":625,"description":"Esta semana y a trav\u00e9s de un comunicado, la Di\u00f3cesis San Jos\u00e9 de Melipilla inform\u00f3 que el Obispo, Monse\u00f1or Cristi\u00e1n Contreras Villarroel, atraviesa un delicado estado de salud que lo mantiene internado en el Hospital de la Universidad Cat\u00f3lica en la capital. D\u00edas atr\u00e1s, el prelado present\u00f3 fiebre y un cuadro respiratorio complicado, se\u00f1alaron sus Leer m\u00e1s"}

Esta semana y a través de un comunicado, la Diócesis San José de Melipilla informó que el Obispo, Monseñor Cristián Contreras Villarroel, atraviesa un delicado estado de salud que lo mantiene internado en el Hospital de la Universidad Católica en la capital. Días atrás, el prelado presentó fiebre y un cuadro respiratorio complicado, señalaron sus Leer más
