{"version":"1.0","provider_name":"Diario El Labrador","provider_url":"https:\/\/diarioellabrador.cl","author_name":"Editor","author_url":"https:\/\/diarioellabrador.cl\/index.php\/author\/editor\/","title":"Comuna de Alhu\u00e9 recibi\u00f3 nuevo Gobierno en Terreno - Diario El Labrador","type":"rich","width":600,"height":338,"html":"<blockquote class=\"wp-embedded-content\" data-secret=\"nkTkSs2ZYm\"><a href=\"https:\/\/diarioellabrador.cl\/index.php\/2025\/04\/07\/comuna-de-alhue-recibio-nuevo-gobierno-en-terreno\/\">Comuna de Alhu\u00e9 recibi\u00f3 nuevo Gobierno en Terreno<\/a><\/blockquote><iframe sandbox=\"allow-scripts\" security=\"restricted\" src=\"https:\/\/diarioellabrador.cl\/index.php\/2025\/04\/07\/comuna-de-alhue-recibio-nuevo-gobierno-en-terreno\/embed\/#?secret=nkTkSs2ZYm\" width=\"600\" height=\"338\" title=\"\u00abComuna de Alhu\u00e9 recibi\u00f3 nuevo Gobierno en Terreno\u00bb \u2014 Diario El Labrador\" data-secret=\"nkTkSs2ZYm\" frameborder=\"0\" marginwidth=\"0\" marginheight=\"0\" scrolling=\"no\" class=\"wp-embedded-content\"><\/iframe><script type=\"text\/javascript\">\n\/* <![CDATA[ *\/\n\/*! This file is auto-generated *\/\n!function(d,l){\"use strict\";l.querySelector&&d.addEventListener&&\"undefined\"!=typeof URL&&(d.wp=d.wp||{},d.wp.receiveEmbedMessage||(d.wp.receiveEmbedMessage=function(e){var t=e.data;if((t||t.secret||t.message||t.value)&&!\/[^a-zA-Z0-9]\/.test(t.secret)){for(var s,r,n,a=l.querySelectorAll('iframe[data-secret=\"'+t.secret+'\"]'),o=l.querySelectorAll('blockquote[data-secret=\"'+t.secret+'\"]'),c=new RegExp(\"^https?:$\",\"i\"),i=0;i<o.length;i++)o[i].style.display=\"none\";for(i=0;i<a.length;i++)s=a[i],e.source===s.contentWindow&&(s.removeAttribute(\"style\"),\"height\"===t.message?(1e3<(r=parseInt(t.value,10))?r=1e3:~~r<200&&(r=200),s.height=r):\"link\"===t.message&&(r=new URL(s.getAttribute(\"src\")),n=new URL(t.value),c.test(n.protocol))&&n.host===r.host&&l.activeElement===s&&(d.top.location.href=t.value))}},d.addEventListener(\"message\",d.wp.receiveEmbedMessage,!1),l.addEventListener(\"DOMContentLoaded\",function(){for(var e,t,s=l.querySelectorAll(\"iframe.wp-embedded-content\"),r=0;r<s.length;r++)(t=(e=s[r]).getAttribute(\"data-secret\"))||(t=Math.random().toString(36).substring(2,12),e.src+=\"#?secret=\"+t,e.setAttribute(\"data-secret\",t)),e.contentWindow.postMessage({message:\"ready\",secret:t},\"*\")},!1)))}(window,document);\n\/\/# sourceURL=https:\/\/diarioellabrador.cl\/wp-includes\/js\/wp-embed.min.js\n\/* ]]> *\/\n<\/script>\n","thumbnail_url":"https:\/\/diarioellabrador.cl\/wp-content\/uploads\/2025\/04\/GET-Alhue-2.jpg","thumbnail_width":1024,"thumbnail_height":768,"description":"Plaza de Armas de Alhu\u00e9 fue escenario de una nueva jornada de Gobierno en Terreno, actividad organizada por Delegaci\u00f3n Presidencial Provincial de Melipilla, instancia que reuni\u00f3 cerca de 20 servicios p\u00fablicos, privados y voluntariados. El delegado provincial de Melipilla, Basti\u00e1n Alarc\u00f3n, destac\u00f3 la gran participaci\u00f3n de los vecinos y vecinas, quienes pudieron efectuar diversos tr\u00e1mites Leer m\u00e1s"}

Comuna de Alhué recibió nuevo Gobierno en Terreno - Diario El Labrador

<blockquote class="wp-embedded-content" data-secret="nkTkSs2ZYm"><a href="https://diarioellabrador.cl/index.php/2025/04/07/comuna-de-alhue-recibio-nuevo-gobierno-en-terreno/">Comuna de Alhué recibió nuevo Gobierno en Terreno</a></blockquote><iframe sandbox="allow-scripts" security="restricted" src="https://diarioellabrador.cl/index.php/2025/04/07/comuna-de-alhue-recibio-nuevo-gobierno-en-terreno/embed/#?secret=nkTkSs2ZYm" width="600" height="338" title="«Comuna de Alhué recibió nuevo Gobierno en Terreno» — Diario El Labrador" data-secret="nkTkSs2ZYm" frameborder="0" marginwidth="0" marginheight="0" scrolling="no" class="wp-embedded-content"></iframe><script type="text/javascript">
/* <![CDATA[ */
/*! This file is auto-generated */
!function(d,l){"use strict";l.querySelector&&d.addEventListener&&"undefined"!=typeof URL&&(d.wp=d.wp||{},d.wp.receiveEmbedMessage||(d.wp.receiveEmbedMessage=function(e){var t=e.data;if((t||t.secret||t.message||t.value)&&!/[^a-zA-Z0-9]/.test(t.secret)){for(var s,r,n,a=l.querySelectorAll('iframe[data-secret="'+t.secret+'"]'),o=l.querySelectorAll('blockquote[data-secret="'+t.secret+'"]'),c=new RegExp("^https?:$","i"),i=0;i<o.length;i++)o[i].style.display="none";for(i=0;i<a.length;i++)s=a[i],e.source===s.contentWindow&&(s.removeAttribute("style"),"height"===t.message?(1e3<(r=parseInt(t.value,10))?r=1e3:~~r<200&&(r=200),s.height=r):"link"===t.message&&(r=new URL(s.getAttribute("src")),n=new URL(t.value),c.test(n.protocol))&&n.host===r.host&&l.activeElement===s&&(d.top.location.href=t.value))}},d.addEventListener("message",d.wp.receiveEmbedMessage,!1),l.addEventListener("DOMContentLoaded",function(){for(var e,t,s=l.querySelectorAll("iframe.wp-embedded-content"),r=0;r<s.length;r++)(t=(e=s[r]).getAttribute("data-secret"))||(t=Math.random().toString(36).substring(2,12),e.src+="#?secret="+t,e.setAttribute("data-secret",t)),e.contentWindow.postMessage({message:"ready",secret:t},"*")},!1)))}(window,document);
//# sourceURL=https://diarioellabrador.cl/wp-includes/js/wp-embed.min.js
/* ]]> */
</script>

Plaza de Armas de Alhué fue escenario de una nueva jornada de Gobierno en Terreno, actividad organizada por Delegación Presidencial Provincial de Melipilla, instancia que reunió cerca de 20 servicios públicos, privados y voluntariados. El delegado provincial de Melipilla, Bastián Alarcón, destacó la gran participación de los vecinos y vecinas, quienes pudieron efectuar diversos trámites Leer más
